98 - q. What is the greatest common factor of g and 6?
2
Let j(a) = a**3 - 9*a**2 + 10*a - 13. Let n be (-33)/(-4) - 1/4. Let d be j(n). Calculate the highest common factor of 69 and d.
3
Let n(b) be the second derivative of b**3/3 + 11*b**2 - b. Let m be n(-10). Let j be 41 - (1 + 2 - m). What is the highest common factor of j and 100?
20
Suppose -x = u - 66, 0*u - 191 = -3*x + 4*u. Suppose -4 = -2*o, -5*h - 6*o + 2*o + 83 = 0. What is the greatest common divisor of x and h?
5
Let i(a) = 2*a**3 - 4*a**2 + 4*a - 53. Let v be i(4). Calculate the greatest common factor of 2187 and v.
27
Let i(m) = 3*m**3 - 2*m**2 - m - 13. Let w be i(4). Let k = 163 - w. Calculate the highest common divisor of 50 and k.
10
Suppose -28*i + 5016 = -6*i. Let q be 2686/6 + 76/i. Calculate the highest common divisor of q and 168.
56
Suppose 206 = -2*o - 3*l + 849, 2*o - 8*l - 720 = 0. Calculate the greatest common factor of o and 14774.
166
Suppose 23 + 85 = 4*c. Let l(a) = 22 - 18*a + 4 + 2*a**2 + 11. Let d be l(7). What is the greatest common factor of c and d?
9
Let n(c) = -4*c - 2. Let w be n(-11). Let r = -734 - -512. Let s = -210 - r. What is the highest common divisor of s and w?
6
Suppose 28 = 5*r + 3. Suppose -240 = -r*h + h. Suppose 1100 = 39*a + 320. What is the highest common factor of a and h?
20
Let g = -511 + 513. Suppose 100 = 5*n - 5*l, -2*l + 67 = 3*n + g. What is the highest common divisor of n and 168?
21
Suppose -2*n + 883*z + 100 = 888*z, 4*z = -5*n + 284. Suppose -3*g = -2*g - 260. What is the highest common factor of n and g?
20
Suppose 5*v + 16202 = -74*v + 68737. Calculate the greatest common factor of v and 35.
35
Let b(g) = 5*g - 29. Let v(d) = -d. Let s(c) = -b(c) - 6*v(c). Let j be s(-13). Suppose 0 = 4*u - 27 - 37. What is the highest common divisor of j and u?
16
Let c(j) = -j**3 - 2*j**2 + 6*j - 4. Let a be c(-4). Let z be 10674/63 + a/7. Calculate the greatest common divisor of z and 10.
10
Let s = -2437 - -2997. What is the highest common divisor of 720 and s?
80
Suppose -1019 + 25624 = 22*z - 54947. Calculate the highest common factor of 32 and z.
32
Let w(i) = 146*i - 2. Let k be w(1). Let u be 2/((-2)/(-6)*-6) + 109. Calculate the greatest common divisor of k and u.
36
Let g(l) = -502*l - 2450. Let d be g(-5). Calculate the greatest common factor of 1960 and d.
20
Suppose -6*h - 22 = 14. Let c be 6/(-21) + 2 + h/(-21). Calculate the greatest common factor of 2 and c.
2
Suppose -135*g = 5*g - 32*g - 126360. What is the highest common factor of g and 13?
13
Let n(r) = 2*r - 18. Let f be -3*2/(-45) - 1040/(-75). Let z be n(f). What is the greatest common divisor of 40 and z?
10
Let l = 435 + 13. What is the greatest common divisor of 7 and l?
7
Suppose 484 = 10*s - 6*s - 5*j, 0 = s - j - 122. Suppose s = -4*g + 7*g - 5*m, 4*g = m + 168. What is the greatest common divisor of g and 126?
42
Suppose -4*h - 35 - 34 = 3*d, -2*d = -2*h + 60. Let s be (1383/d)/(-1) - (-18)/(-81). What is the greatest common divisor of 68 and s?
17
Let h = 1409 - 1393. What is the highest common factor of h and 552?
8
Suppose -2 = 3*o - 14. Suppose -17*q - 3 = -18*q. Suppose 3*t + 64 = 8*k - q*k, -k - 4*t + 22 = 0. Calculate the greatest common divisor of o and k.
2
Let z(k) = -k**3 - 4*k**2 + 5*k + 4. Let x be z(-5). Let q = 647 - 603. Calculate the greatest common divisor of q and x.
4
Suppose -h - 21*i = -17*i - 58, -62 = -h - 2*i. What is the highest common divisor of h and 1342?
22
Let u = -133 + 153. Let q = 688 - 683. What is the greatest common divisor of u and q?
5
Let r = -405 + 743. Suppose 5*j = -5*f + 4*f + r, -5*j + 671 = 2*f. What is the greatest common factor of f and 74?
37
Let q = 62 - 57. Suppose 0*p + 2*p - d = 55, -p - q*d + 11 = 0. Suppose -11*w - p = -13*w. What is the greatest common factor of 39 and w?
13
Let a(t) be the first derivative of -1 - 14*t - 13*t**2 - 2/3*t**3. Let u be a(-11). What is the greatest common divisor of u and 6?
6
Suppose -17*w + 16*w = 1, -4*z + 16645 = -5*w. Calculate the highest common divisor of 128 and z.
64
Let a(k) = -11*k. Let x be a(-2). Let c(g) = 5*g**2 + 32*g - 183. Let j be c(7). Calculate the highest common factor of j and x.
22
Let r(g) = g**2 - 15*g + 6. Let w be r(15). Let u be 1464/10 - (-10)/(-25). Let j = -104 + u. What is the greatest common factor of w and j?
6
Suppose 6215 + 1625 = -14*w. Let r = -525 - w. What is the greatest common divisor of 63 and r?
7
Suppose 4*l - 5280 - 7108 = 0. Calculate the greatest common divisor of 19 and l.
19
Let j be (7 - -112)*(-2 - (-16)/7). What is the greatest common factor of j and 3638?
34
Let m be 19176/238 + 21/49. What is the highest common divisor of m and 1296?
81
Let k(l) = l**3 + 13*l**2 - 50*l - 104. Let g be k(-15). What is the greatest common divisor of g and 70?
14
Suppose -5*z - 17 = -2*q - 0*q, 5*z = q - 16. Let x be ((-792)/10)/(q/(-10)). Calculate the highest common factor of x and 8.
8
Let g = -231 - -227. Let x be g/(-10) + (276/10 - 4). What is the greatest common divisor of x and 54?
6
Let l = 150 - -25. Let y = l - 106. Suppose q + 5*d = 0, 0 = -4*q + 2*d + d + y. What is the highest common divisor of 5 and q?
5
Suppose -3*m - 2*f = -132, -m + 2*f + 44 = -0*m. Let t(u) = -u**3 + 10*u**2 + 2*u - 8. Let a be t(10). What is the greatest common factor of a and m?
4
Suppose -30 = -8*p + 7*p. Suppose 0*v = -v - 40. Let a = -25 - v. What is the greatest common factor of p and a?
15
Let t be ((-396)/126 + 3)*-63. Calculate the highest common divisor of t and 87.
3
Let w be 3762/2 - (-139 - -120). Calculate the highest common factor of w and 260.
20
Let w = -39 - -224. Let a = w + -177. What is the greatest common divisor of a and 8?
8
Suppose 3*x = -2*l + 197, x + 302 = 3*l - x. Suppose -11*r = 12*r - 3*r. Suppose -59*a + 49*a + 400 = r. Calculate the highest common factor of a and l.
20
Suppose -4*x - 4 = 2*n, 5*n - 14 = -0*n - 2*x. Let i(s) = 145*s + 44. Let h be i(0). Calculate the highest common factor of h and n.
4
Let u = -52 + 79. Let p = 35 - u. Let q be (4/p)/(4/120). What is the highest common divisor of q and 60?
15
Let o = 246 - 153. Suppose -y + g = -7, -23 = -5*y + 5*g - 3*g. What is the greatest common divisor of y and o?
3
Let b be (110/(-15) + 8 + 0)/((-1)/(-267)). What is the greatest common factor of 16 and b?
2
Let s(v) = -38*v - 95. Let g be s(-13). Suppose -a + 3 + 84 = 4*o, -3*a = o - 30. Calculate the highest common factor of g and o.
21
Let z(c) = -69*c**3 - 4*c**2 - c - 5. Let a be z(-2). Suppose a - 71 = 7*k. What is the highest common factor of k and 22?
22
Let u = 5 + 22. Suppose -2*d - u = -25. Let s(j) = 8*j**2 + j. Let i be s(d). Calculate the highest common divisor of 77 and i.
7
Let p(y) = y**2 + 12*y - 55. Let x be p(-16). Let i be 267/3 - x*(-6)/18. What is the highest common divisor of 138 and i?
46
Let p(f) = -f**3 - 11*f**2 - 26*f - 116. Let t be p(-10). What is the greatest common divisor of 1232 and t?
44
Suppose -5*r + 533 = 11*i - 4*i, 0 = -4*r + 2*i + 434. Calculate the highest common factor of 675 and r.
27
Let h = -3104 - -3138. Calculate the highest common factor of h and 153.
17
Let l = 10180 - 10166. What is the highest common divisor of l and 2569?
7
Let c be (2 - -119) + 36 + -24. Calculate the highest common factor of 63 and c.
7
Suppose 147*t = 140*t + 28. Let y be 1/t - (1595/(-20) - -2). Calculate the greatest common divisor of 6 and y.
6
Suppose 2209*v = 2189*v + 25680. What is the greatest common factor of 78 and v?
6
Let w = 872 + -494. Let u(a) = -12*a**2 - 228*a + 28. Let t be u(-19). Calculate the highest common divisor of w and t.
14
Let p = 62 - 60. Suppose 13*i + 54 = 17*i + p*l, 3*i = 5*l + 21. What is the highest common factor of i and 204?
12
Let n(i) = i**2 + 6*i - 249. Let j be n(-21). What is the highest common factor of 99 and j?
33
Let k(f) = -f**3 + 14*f**2 + 56*f - 15. Let c be k(16). What is the highest common divisor of 279 and c?
9
Let k(y) = -96*y - 9198. Let j be k(-96). What is the greatest common divisor of j and 9990?
18
Let d = 3741 + 75. Calculate the greatest common factor of 48 and d.
24
Let y be 2/(-6) + 271/3. Let u be (8 - 0)*(-27)/(-108). Let d be u/(-3) + (-182)/(-3). What is the greatest common factor of d and y?
30
Let w(k) = -k**3 + 15*k**2